roid.providers.settings.GoogleSettingsProvider
I/ActivityThread(19541): Publishing provider gmail-ls: com.google.android.provid ers.gmail.MailProvider
D/dalvikvm( 36): GC freed 57 objects / 2528 bytes in 244ms
D/dalvikvm( 36): GC freed 2 objects / 56 bytes in 178ms
I/ActivityManager( 59): Start proc android.process.acore for content provider com.android.providers.im/.ImProvider: pid=19548 uid=10006 gids={3003}
I/ActivityThread(19548): Publishing provider user_dictionary: com.android.provid ers.userdictionary.UserDictionaryProvider
I/ActivityThread(19548): Publishing provider im: com.android.providers.im.ImProv ider
I/ActivityThread(19548): Publishing provider com.android.googlesearch.Suggestion Provider: com.android.googlesearch.SuggestionProvider
I/ActivityThread(19548): Publishing provider contacts;call_log: com.android.prov iders.contacts.GoogleContactsProvider
I/ActivityThread(19548): Publishing provider com.android.launcher.settings: com. android.launcher.LauncherProvider
D/dalvikvm(19541): GC freed 4586 objects / 358648 bytes in 166ms
D/gmail-ls(19541): Purging old attachments
I/gmail-ls(19541): calculateUnknownSyncRationalesAndPurgeInBackground: queueing
I/gmail-ls(19541): calculateUnknownSyncRationalesAndPurgeInBackground: running
D/InetAddress(19541): mtalk.google.com: 209.85.229.188 (family 2, proto 6)
D/dalvikvm(19548): GC freed 3256 objects / 214416 bytes in 164ms
D/Sensors ( 59): sensors=00000000, real=00000000
D/AKMD ( 42): Compass CLOSE
D/dalvikvm( 59): GC freed 5851 objects / 286552 bytes in 268ms
V/ImageGallery2(19520): /ImageBlockManager.onPause
D/SurfaceFlinger( 59): About to give-up screen, flinger = 0x1842c0
D/KeyguardViewMediator( 59): wakeWhenReadyLocked(82)
D/KeyguardViewMediator( 59): handleWakeWhenReady(82)
D/KeyguardViewMediator( 59): pokeWakelock(5000)
D/AKMD ( 42): Compass OPEN
D/Sensors ( 59): sensors=00000001, real=00000001
V/ImageManager(19520): storage state is mounted
D/SurfaceFlinger( 59): Screen about to return, flinger = 0x1842c0
D/dalvikvm(19520): GC freed 1360 objects / 61200 bytes in 130ms
D/dalvikvm(19520): GC freed 235 objects / 10472 bytes in 121ms
D/dalvikvm(19520): GC freed 3 objects / 88 bytes in 112ms
D/dalvikvm(19520): GC freed 17 objects / 680 bytes in 120ms
I/WindowManager( 59): onOrientationChanged, rotation changed to 0
V/ImageManager(19520): storage state is mounted
V/ImageGallery2(19520): /ImageBlockManager.onPause
D/KeyguardViewMediator( 59): pokeWakelock(5000)
D/dalvikvm(19520): GC freed 562 objects / 27704 bytes in 137ms
V/ImageManager(19520): storage writable is true
D/dalvikvm(19520): GC freed 172 objects / 8064 bytes in 171ms
D/dalvikvm(19520): GC freed 25 objects / 920 bytes in 114ms
V/ImageGallery2(19520): target was 0 now 0
W/InputManagerService( 59): Window already focused, ignoring focus gain of: co m.android.internal.view.IInputMethodClient$Stub$Proxy@433a5a78
I/ActivityManager( 59): Starting activity: Intent { data=content://media/exter nal/images/media/63 comp={com.android.camera/com.android.camera.CropImage} (has extras) }
V/ImageGallery2(19520): /ImageBlockManager.onPause
I/ActivityManager( 59): Start proc com.android.camera:CropImage for activity c om.android.camera/.CropImage: pid=19575 uid=10021 gids={1006, 2001, 3003}
V/ImageManager(19575): storage state is mounted
V/ImageManager(19575): storage writable is true
V/ImageManager(19575): storage state is mounted
D/dalvikvm(19575): GC freed 2174 objects / 139176 bytes in 113ms
I/ActivityManager( 59): Displayed activity com.android.camera/.CropImage: 943 ms
D/dalvikvm(19575): GC freed 318 objects / 33304 bytes in 128ms
I/ActivityManager( 59): Exiting empty application process android.process.medi a (android.os.BinderProxy@433980f8)
I/Process ( 59): Sending signal. PID: 19527 SIG: 9
I/ActivityThread(19575): Removing dead content provider: media
I/ActivityThread(19520): Removing dead content provider: media
I/ActivityManager( 59): Killing app com.android.camera:CropImage (pid 19575) b ecause provider com.android.providers.media.MediaProvider is in dying process an droid.process.media
I/Process ( 59): Sending signal. PID: 19575 SIG: 9
I/ActivityManager( 59): Killing app com.android.camera (pid 19520) because pro vider com.android.providers.media.MediaProvider is in dying process android.proc ess.media
I/Process ( 59): Sending signal. PID: 19520 SIG: 9
I/ActivityManager( 59): Exiting empty application process android.process.acor e (android.os.BinderProxy@433d7ff0)
I/Process ( 59): Sending signal. PID: 19548 SIG: 9
I/ActivityManager( 59): Killing app com.google.process.gapps (pid 19541) becau se provider com.android.providers.im.ImProvider is in dying process android.proc ess.acore
I/ActivityThread(19541): Removing dead content provider: im
I/Process ( 59): Sending signal. PID: 19541 SIG: 9
D/ActivityManager( 59): Received spurious death notification for thread androi d.os.BinderProxy@433980f8
D/ActivityManager( 59): Received spurious death notification for thread androi d.os.BinderProxy@433d7ff0
I/ActivityManager( 59): Process com.android.camera (pid 19520) has died.
I/WindowManager( 59): WIN DEATH: Window{43232b90 com.android.camera/com.androi d.camera.ImageGallery2 paused=false}
I/ActivityManager( 59): Process com.google.process.gapps (pid 19541) has died.
W/ActivityManager( 59): Scheduling restart of crashed service com.google.andro id.apps.gtalkservice/com.google.android.gtalkservice.service.GTalkService in 500 0ms
I/WindowManager( 59): WIN DEATH: Window{432606b0 com.android.camera/com.androi d.camera.CropImage paused=false}
I/WindowManager( 59): WIN DEATH: Window{433046e8 com.android.camera/com.androi d.camera.CropImage paused=false}
I/ActivityManager( 59): Process com.android.camera:CropImage (pid 19575) has d ied.
I/ActivityManager( 59): Start proc com.android.camera for activity com.android .camera/.ImageGallery2: pid=19582 uid=10021 gids={1006, 2001, 3003}
I/ActivityManager( 59): Start proc android.process.media for content provider com.android.providers.media/.MediaProvider: pid=19588 uid=10021 gids={1006, 2001 , 3003}
I/ActivityThread(19588): Publishing provider downloads: com.android.providers.do wnloads.DownloadProvider
I/ActivityThread(19588): Publishing provider drm: com.android.providers.drm.DrmP rovider
I/ActivityThread(19588): Publishing provider media: com.android.providers.media. MediaProvider
V/MediaProvider(19588): Attached volume: internal
V/MediaProvider(19588): /sdcard volume ID: 1714827571
V/MediaProvider(19588): Attached volume: external
V/ImageManager(19582): storage state is mounted
V/ImageManager(19582): storage state is mounted
D/dalvikvm(19582): GC freed 1692 objects / 119088 bytes in 138ms
V/ImageManager(19582): storage writable is true
D/dalvikvm(19582): GC freed 154 objects / 23872 bytes in 106ms
D/dalvikvm(19582): GC freed 190 objects / 8280 bytes in 109ms
W/InputManagerService( 59): Got RemoteException sending setActive(false) notif ication to pid 19575 uid 10021
I/ActivityManager( 59): Start proc com.google.process.gapps for service com.go ogle.android.apps.gtalkservice/com.google.android.gtalkservice.service.GTalkServ ice: pid=19602 uid=10001 gids={3003}
I/ActivityThread(19602): Publishing provider com.google.settings: com.google.and roid.providers.settings.GoogleSettingsProvider
I/ActivityThread(19602): Publishing provider gmail-ls: com.google.android.provid ers.gmail.MailProvider
I/ActivityManager( 59): Start proc android.process.acore for content provider com.android.providers.im/.ImProvider: pid=19609 uid=10006 gids={3003}
I/ActivityThread(19609): Publishing provider user_dictionary: com.android.provid ers.userdictionary.UserDictionaryProvider
I/ActivityThread(19609): Publishing provider im: com.android.providers.im.ImProv ider
I/ActivityThread(19609): Publishing provider com.android.googlesearch.Suggestion Provider: com.android.googlesearch.SuggestionProvider
I/ActivityThread(19609): Publishing provider contacts;call_log: com.android.prov iders.contacts.GoogleContactsProvider
I/ActivityThread(19609): Publishing provider com.android.launcher.settings: com. android.launcher.LauncherProvider
D/VolumePanel( 59): onVolumeChanged(streamType: 2, flags: 17)
D/VolumePanel( 59): onShowVolumeChanged(streamType: 2, flags: 17), index: 6
D/VolumePanel( 59): setRingerIcon(index: 6), ringerMode: 2
I/NotificationService( 59): enqueueToast pkg=android callback=android.widget.T oast$TN@433169e0 duration=0
D/dalvikvm(19602): GC freed 4440 objects / 354056 bytes in 186ms
D/VolumePanel( 59): onVolumeChanged(streamType: 2, flags: 17)
D/VolumePanel( 59): onShowVolumeChanged(streamType: 2, flags: 17), index: 7
D/VolumePanel( 59): setRingerIcon(index: 7), ringerMode: 2
I/NotificationService( 59): enqueueToast pkg=android callback=android.widget.T oast$TN@433169e0 duration=0
D/VolumePanel( 59): onVolumeChanged(streamType: 2, flags: 4)
W/AudioFlinger( 37): write blocked for 66 msecs
W/AudioFlinger( 37): write blocked for 100 msecs
D/gmail-ls(19602): Purging old attachments
I/gmail-ls(19602): calculateUnknownSyncRationalesAndPurgeInBackground: queueing
I/gmail-ls(19602): calculateUnknownSyncRationalesAndPurgeInBackground: running
I/ActivityManager( 59): Starting activity: Intent { data=content://media/exter nal/images/media/63 comp={com.android.camera/com.android.camera.CropImage} (has extras) }
V/ImageGallery2(19582): /ImageBlockManager.onPause
I/ActivityManager( 59): Start proc com.android.camera:CropImage for activity c om.android.camera/.CropImage: pid=19630 uid=10021 gids={1006, 2001, 3003}
V/ImageManager(19630): storage state is mounted
V/ImageManager(19630): storage writable is true
V/ImageManager(19630): storage state is mounted
D/dalvikvm(19630): GC freed 2308 objects / 144232 bytes in 113ms
D/dalvikvm( 59): GC freed 8350 objects / 376040 bytes in 261ms
D/dalvikvm(19630): GC freed 342 objects / 34792 bytes in 122ms
I/ActivityManager( 59): Displayed activity com.android.camera/.CropImage: 1640 ms
I/ActivityManager( 59): Exiting empty application process android.process.medi a (android.os.BinderProxy@43334b78)
I/Process ( 59): Sending signal. PID: 19588 SIG: 9
I/ActivityManager( 59): Killing app com.android.camera:CropImage (pid 19630) b ecause provider com.android.providers.media.MediaProvider is in dying process an droid.process.media
I/Process ( 59): Sending signal. PID: 19630 SIG: 9
I/ActivityManager( 59): Killing app com.android.camera (pid 19582) because pro vider com.android.providers.media.MediaProvider is in dying process android.proc ess.media
I/Process ( 59): Sending signal. PID: 19582 SIG: 9
I/ActivityManager( 59): Exiting empty application process android.process.acor e (android.os.BinderProxy@433fdbe8)
I/Process ( 59): Sending signal. PID: 19609 SIG: 9
I/ActivityManager( 59): Killing app com.google.process.gapps (pid 19602) becau se provider com.android.providers.im.ImProvider is in dying process android.proc ess.acore
I/Process ( 59): Sending signal. PID: 19602 SIG: 9
D/ActivityManager( 59): Received spurious death notification for thread androi d.os.BinderProxy@43334b78
I/ActivityManager( 59): Exiting application process com.android.camera (androi d.os.BinderProxy@43431298)
I/Process ( 59): Sending signal. PID: 19582 SIG: 9
I/WindowManager( 59): WIN DEATH: Window{43359c08 com.android.camera/com.androi d.camera.ImageGallery2 paused=false}
D/ActivityManager( 59): Received spurious death notification for thread androi d.os.BinderProxy@433fdbe8
D/ActivityManager( 59): Received spurious death notification for thread androi d.os.BinderProxy@43431298
I/ActivityManager( 59): Process com.google.process.gapps (pid 19602) has died.
W/ActivityManager( 59): Scheduling restart of crashed service com.google.andro id.apps.gtalkservice/com.google.android.gtalkservice.service.GTalkService in 100 00ms
I/WindowManager( 59): WIN DEATH: Window{43259450 com.android.camera/com.androi d.camera.CropImage paused=false}
I/ActivityManager( 59): Process com.android.camera:CropImage (pid 19630) has d ied.
I/WindowManager( 59): WIN DEATH: Window{43232b90 com.android.camera/com.androi d.camera.CropImage paused=false}
I/ActivityManager( 59): Start proc com.android.camera for activity com.android .camera/.ImageGallery2: pid=19637 uid=10021 gids={1006, 2001, 3003}
I/ActivityManager( 59): Start proc android.process.media for content provider com.android.providers.media/.MediaProvider: pid=19644 uid=10021 gids={1006, 2001 , 3003}
I/ActivityThread(19644): Publishing provider downloads: com.android.providers.do wnloads.DownloadProvider
I/ActivityThread(19644): Publishing provider drm: com.android.providers.drm.DrmP rovider
I/ActivityThread(19644): Publishing provider media: com.android.providers.media. MediaProvider
V/MediaProvider(19644): Attached volume: internal
V/MediaProvider(19644): /sdcard volume ID: 1714827571
V/MediaProvider(19644): Attached volume: external
V/ImageManager(19637): storage state is mounted
D/dalvikvm(19637): GC freed 1803 objects / 123168 bytes in 135ms
V/ImageManager(19637): storage state is mounted
D/dalvikvm(19637): GC freed 145 objects / 23000 bytes in 122ms
V/ImageManager(19637): storage writable is true
D/dalvikvm(19637): GC freed 228 objects / 10648 bytes in 113ms
W/InputManagerService( 59): Got RemoteException sending setActive(false) notif ication to pid 19582 uid 10021
I/ActivityManager( 59): Starting activity: Intent { data=content://media/exter nal/images/media/63 comp={com.android.camera/com.android.camera.CropImage} (has extras) }
V/ImageGallery2(19637): /ImageBlockManager.onPause
I/ActivityManager( 59): Start proc com.android.camera:CropImage for activity c om.android.camera/.CropImage: pid=19658 uid=10021 gids={1006, 2001, 3003}
V/ImageManager(19658): storage state is mounted
V/ImageManager(19658): storage writable is true
V/ImageManager(19658): storage state is mounted
D/dalvikvm(19658): GC freed 2392 objects / 147400 bytes in 118ms
I/ActivityManager( 59): Displayed activity com.android.camera/.CropImage: 954 ms
D/dalvikvm(19658): GC freed 359 objects / 35160 bytes in 129ms
I/ActivityManager( 59): Exiting empty application process android.process.medi a (android.os.BinderProxy@433e7458)
I/Process ( 59): Sending signal. PID: 19644 SIG: 9
I/ActivityManager( 59): Killing app com.android.camera:CropImage (pid 19658) b ecause provider com.android.providers.media.MediaProvider is in dying process an droid.process.media
I/ActivityThread(19658): Removing dead content provider: media
I/ActivityThread(19637): Removing dead content provider: media
I/Process ( 59): Sending signal. PID: 19658 SIG: 9
I/ActivityManager( 59): Killing app com.android.camera (pid 19637) because pro vider com.android.providers.media.MediaProvider is in dying process android.proc ess.media
I/Process ( 59): Sending signal. PID: 19637 SIG: 9
D/ActivityManager( 59): Received spurious death notification for thread androi d.os.BinderProxy@433e7458
I/WindowManager( 59): WIN DEATH: Window{4330fe20 com.android.camera/com.androi d.camera.ImageGallery2 paused=false}
I/ActivityManager( 59): Process com.android.camera (pid 19637) has died.
I/WindowManager( 59): WIN DEATH: Window{433ce400 com.android.camera/com.androi d.camera.CropImage paused=false}
I/ActivityManager( 59): Process com.android.camera:CropImage (pid 19658) has d ied.
I/WindowManager( 59): WIN DEATH: Window{433f6ec0 com.android.camera/com.androi d.camera.CropImage paused=false}
I/ActivityManager( 59): Start proc com.android.camera for activity com.android .camera/.ImageGallery2: pid=19666 uid=10021 gids={1006, 2001, 3003}
D/dalvikvm( 36): GC freed 301 objects / 11328 bytes in 274ms
D/dalvikvm( 36): GC freed 57 objects / 2560 bytes in 194ms
D/dalvikvm( 36): GC freed 2 objects / 48 bytes in 198ms
I/ActivityManager( 59): Start proc android.process.media for content provider com.android.providers.media/.MediaProvider: pid=19672 uid=10021 gids={1006, 2001 , 3003}
I/ActivityThread(19672): Publishing provider downloads: com.android.providers.do wnloads.DownloadProvider
I/ActivityThread(19672): Publishing provider drm: com.android.providers.drm.DrmP rovider
I/ActivityThread(19672): Publishing provider media: com.android.providers.media. MediaProvider
V/MediaProvider(19672): Attached volume: internal
V/MediaProvider(19672): /sdcard volume ID: 1714827571
V/MediaProvider(19672): Attached volume: external
V/ImageManager(19666): storage state is mounted
V/ImageManager(19666): storage state is mounted
D/dalvikvm(19666): GC freed 1910 objects / 127312 bytes in 139ms
V/ImageManager(19666): storage writable is true
D/dalvikvm(19666): GC freed 194 objects / 25712 bytes in 112ms
D/dalvikvm(19666): GC freed 190 objects / 8280 bytes in 114ms
W/InputManagerService( 59): Got RemoteException sending setActive(false) notif ication to pid 19658 uid 10021
I/ActivityManager( 59): Start proc com.google.process.gapps for service com.go ogle.android.apps.gtalkservice/com.google.android.gtalkservice.service.GTalkServ ice: pid=19686 uid=10001 gids={3003}
I/ActivityThread(19686): Publishing provider com.google.settings: com.google.and roid.providers.settings.GoogleSettingsProvider
I/ActivityThread(19686): Publishing provider gmail-ls: com.google.android.provid ers.gmail.MailProvider
I/ActivityManager( 59): Start proc android.process.acore for content provider com.android.providers.im/.ImProvider: pid=19692 uid=10006 gids={3003}
I/ActivityThread(19692): Publishing provider user_dictionary: com.android.provid ers.userdictionary.UserDictionaryProvider
I/ActivityThread(19692): Publishing provider im: com.android.providers.im.ImProv ider
I/ActivityThread(19692): Publishing provider com.android.googlesearch.Suggestion Provider: com.android.googlesearch.SuggestionProvider
I/ActivityThread(19692): Publishing provider contacts;call_log: com.android.prov iders.contacts.GoogleContactsProvider
I/ActivityThread(19692): Publishing provider com.android.launcher.settings: com. android.launcher.LauncherProvider
D/dalvikvm(19686): GC freed 4342 objects / 349096 bytes in 171ms
D/gmail-ls(19686): Purging old attachments
I/gmail-ls(19686): calculateUnknownSyncRationalesAndPurgeInBackground: queueing
I/gmail-ls(19686): calculateUnknownSyncRationalesAndPurgeInBackground: running
D/InetAddress(19686): mtalk.google.com: 209.85.229.188 (family 2, proto 6)
D/dalvikvm(19692): GC freed 3306 objects / 216368 bytes in 158ms
D/Sensors ( 59): sensors=00000000, real=00000000
D/AKMD ( 42): Compass CLOSE
D/dalvikvm( 59): GC freed 9601 objects / 464960 bytes in 283ms
V/ImageGallery2(19666): /ImageBlockManager.onPause
D/SurfaceFlinger( 59): About to give-up screen, flinger = 0x1842c0
D/KeyguardViewMediator( 59): wakeWhenReadyLocked(82)
D/KeyguardViewMediator( 59): handleWakeWhenReady(82)
D/KeyguardViewMediator( 59): pokeWakelock(5000)
D/AKMD ( 42): Compass OPEN
D/Sensors ( 59): sensors=00000001, real=00000001
V/ImageManager(19666): storage state is mounted
D/SurfaceFlinger( 59): Screen about to return, flinger = 0x1842c0
D/dalvikvm(19666): GC freed 1360 objects / 61232 bytes in 143ms
D/dalvikvm(19666): GC freed 235 objects / 10440 bytes in 108ms
D/dalvikvm(19666): GC freed 3 objects / 88 bytes in 114ms
D/dalvikvm(19666): GC freed 17 objects / 680 bytes in 115ms
I/WindowManager( 59): onOrientationChanged, rotation changed to 0
V/ImageGallery2(19666): /ImageBlockManager.onPause
D/KeyguardViewMediator( 59): pokeWakelock(5000)
D/dalvikvm(19666): GC freed 532 objects / 26640 bytes in 160ms
V/ImageManager(19666): storage state is mounted
D/dalvikvm(19666): GC freed 156 objects / 7024 bytes in 126ms
V/ImageManager(19666): storage writable is true
D/dalvikvm(19666): GC freed 46 objects / 2288 bytes in 106ms
V/ImageGallery2(19666): target was 0 now 0
W/InputManagerService( 59): Window already focused, ignoring focus gain of: co m.android.internal.view.IInputMethodClient$Stub$Proxy@43400898
V/ImageGallery2(19666): /ImageBlockManager.onPause
D/ (19666): unable to unlink '/data/data/com.android.camera/files/temp-wa llpaper': No such file or directory (errno=2)
I/ActivityManager( 59): Starting activity: Intent { action=android.intent.acti on.GET_CONTENT type=image/* comp={com.android.camera/com.android.camera.ImageGal lery2} (has extras) }
V/ImageManager(19666): storage state is mounted
D/dalvikvm(19666): GC freed 1322 objects / 60656 bytes in 126ms
V/ImageManager(19666): storage state is mounted
V/ImageManager(19666): storage writable is true
D/dalvikvm(19666): GC freed 271 objects / 12424 bytes in 116ms
D/dalvikvm(19666): GC freed 25 objects / 904 bytes in 122ms
I/ActivityManager( 59): Displayed activity com.android.camera/.ImageGallery2: 771 ms
V/ImageGallery2(19666): /ImageBlockManager.onPause
D/dalvikvm(19692): GC freed 1919 objects / 117040 bytes in 124ms
D/HomeLoaders(19692): load applications
D/HomeLoaders(19692): loading user items
D/HomeLoaders(19692): --> starting workspace loader
I/ActivityManager( 59): Displayed activity com.android.launcher/.Launcher: 841 ms
D/HomeLoaders(19692): --> starting applications loader
D/dalvikvm(19692): GC freed 2728 objects / 162632 bytes in 165ms
D/dalvikvm(19692): GC freed 3982 objects / 426544 bytes in 160ms
I/ActivityManager( 59): Starting activity: Intent { action=android.intent.acti on.MAIN categories={android.intent.category.LAUNCHER} flags=0x10200000 comp={com .android.camera/com.android.camera.GalleryPicker} }
W/ActivityManager( 59): Activity HistoryRecord{4321a648 {com.android.camera/co m.android.camera.ViewImage}} being finished, but not in LRU list
W/ActivityManager( 59): Activity HistoryRecord{431f2808 {com.android.camera/co m.android.camera.ImageGallery2}} being finished, but not in LRU list
V/ImageManager(19666): storage state is mounted
V/ImageManager(19666): storage state is mounted
V/ImageManager(19666): storage state is mounted
V/ImageManager(19666): storage state is mounted
V/ImageManager(19666): storage state is mounted
V/ImageManager(19666): storage state is mounted
V/ImageManager(19666): storage state is mounted
V/ImageManager(19666): storage state is mounted
V/ImageManager(19666): storage writable is true
I/ActivityManager( 59): Displayed activity com.android.camera/.GalleryPicker: 837 ms
V/ImageManager(19666): storage state is mounted
D/dalvikvm(19666): GC freed 2255 objects / 110360 bytes in 112ms
V/ImageManager(19666): storage state is mounted
V/ImageManager(19666): storage state is mounted
V/ImageManager(19666): storage state is mounted
D/dalvikvm(19666): GC freed 2464 objects / 122536 bytes in 119ms
V/ImageManager(19666): storage state is mounted
V/ImageManager(19666): storage state is mounted
D/dalvikvm(19672): GC freed 2384 objects / 142336 bytes in 136ms
V/ImageManager(19666): storage state is mounted
D/dalvikvm(19666): GC freed 971 objects / 43912 bytes in 127ms
I/ActivityManager( 59): Starting activity: Intent { action=android.intent.acti on.VIEW data=content://media/internal/images/media comp={com.android.camera/com. android.camera.ImageGallery2} (has extras) }
D/dalvikvm(19666): GC freed 688 objects / 26344 bytes in 135ms
V/ImageManager(19666): storage state is mounted
V/ImageManager(19666): storage state is mounted
D/dalvikvm(19666): GC freed 610 objects / 37896 bytes in 124ms
V/ImageManager(19666): storage writable is true
D/dalvikvm(19666): GC freed 217 objects / 8952 bytes in 113ms
D/dalvikvm(19666): GC freed 21 objects / 744 bytes in 112ms
I/ActivityManager( 59): Displayed activity com.android.camera/.ImageGallery2: 949 ms
I/ActivityManager( 59): Starting activity: Intent { action=android.intent.acti on.VIEW data=content://media/external/images/media/63 comp={android/com.android. internal.app.ResolverActivity} }
V/ImageGallery2(19666): /ImageBlockManager.onPause
I/ActivityManager( 59): Displayed activity android/com.android.internal.app.Re solverActivity: 350 ms
I/ActivityManager( 59): Starting activity: Intent { action=android.intent.acti on.VIEW data=content://media/external/images/media/63 flags=0x3800000 comp={com. android.camera/com.android.camera.ViewImage} }
V/ImageManager(19666): storage state is mounted
D/dalvikvm(19666): GC freed 1774 objects / 88328 bytes in 120ms
D/dalvikvm(19666): GC freed 481 objects / 22816 bytes in 154ms
I/ActivityManager( 59): Displayed activity com.android.camera/.ViewImage: 1311 ms
D/dalvikvm(19666): GC freed 106 objects / 4768 bytes in 134ms
D/dalvikvm(19666): GC freed 148 objects / 7672 bytes in 176ms
D/dalvikvm(19692): GC freed 5068 objects / 387608 bytes in 177ms
I/ActivityManager( 59): Starting activity: Intent { data=content://media/exter nal/images/media/63 comp={com.android.camera/com.android.camera.CropImage} }
D/dalvikvm(19666): GC freed 474 objects / 31800 bytes in 118ms
D/dalvikvm(19666): GC freed 159 objects / 7824 bytes in 111ms
W/ActivityManager( 59): Activity pause timeout for HistoryRecord{434a8a30 {com .android.camera/com.android.camera.ViewImage}}
I/ActivityManager( 59): Start proc com.android.camera:CropImage for activity c om.android.camera/.CropImage: pid=19732 uid=10021 gids={1006, 2001, 3003}
D/dalvikvm(19666): GC freed 94 objects / 3496 bytes in 272ms
V/ImageManager(19732): storage state is mounted
V/ImageManager(19732): storage writable is true
V/ImageManager(19732): storage state is mounted
D/dalvikvm( 59): GC freed 9487 objects / 415848 bytes in 354ms
D/dalvikvm(19732): GC freed 2148 objects / 136704 bytes in 203ms
I/ActivityManager( 59): Displayed activity com.android.camera/.CropImage: 2270 ms
D/dalvikvm(19732): GC freed 271 objects / 31760 bytes in 126ms
I/ActivityManager( 59): Exiting empty application process android.process.medi a (android.os.BinderProxy@433c4280)
I/Process ( 59): Sending signal. PID: 19672 SIG: 9
I/ActivityManager( 59): Killing app com.android.camera:CropImage (pid 19732) b ecause provider com.android.providers.media.MediaProvider is in dying process an droid.process.media
I/Process ( 59): Sending signal. PID: 19732 SIG: 9
I/ActivityManager( 59): Killing app com.android.camera (pid 19666) because pro vider com.android.providers.media.MediaProvider is in dying process android.proc ess.media
I/Process ( 59): Sending signal. PID: 19666 SIG: 9
I/ActivityManager( 59): Exiting application process android.process.acore (and roid.os.BinderProxy@43213b40)
I/Process ( 59): Sending signal. PID: 19692 SIG: 9
I/ActivityManager( 59): Killing app com.google.process.gapps (pid 19686) becau se provider com.android.providers.im.ImProvider is in dying process android.proc ess.acore
I/Process ( 59): Sending signal. PID: 19686 SIG: 9
D/ActivityManager( 59): Received spurious death notification for thread androi d.os.BinderProxy@433c4280
I/WindowManager( 59): WIN DEATH: Window{43232b90 com.android.camera/com.androi d.camera.CropImage paused=false}
I/ActivityManager( 59): Process com.android.camera:CropImage (pid 19732) has d ied.
I/WindowManager( 59): WIN DEATH: Window{43259450 com.android.camera/com.androi d.camera.CropImage paused=false}
I/WindowManager( 59): WIN DEATH: Window{433e62d8 com.android.camera/com.androi d.camera.ImageGallery2 paused=false}
I/WindowManager( 59): WIN DEATH: Window{433ce400 com.android.camera/com.androi d.camera.GalleryPicker paused=false}
I/WindowManager( 59): WIN DEATH: Window{43489af8 com.android.camera/com.androi d.camera.ViewImage paused=false}
I/WindowManager( 59): WIN DEATH: Window{433046e8 com.android.launcher/com.andr oid.launcher.Launcher paused=false}
D/ActivityManager( 59): Restarting because process died: HistoryRecord{434a8a3 0 {com.android.camera/com.android.camera.ViewImage}}
W/ActivityManager( 59): Exception when starting activity com.android.camera/.V iewImage
W/ActivityManager( 59): android.os.DeadObjectException
W/ActivityManager( 59): at android.os.BinderProxy.transact(Native Method )
W/ActivityManager( 59): at android.app.ApplicationThreadProxy.scheduleLa unchActivity(ApplicationThreadNative.java:428)
W/ActivityManager( 59): at com.android.server.am.ActivityManagerService. realStartActivityLocked(ActivityManagerService.java:1577)
W/ActivityManager( 59): at com.android.server.am.ActivityManagerService. startSpecificActivityLocked(ActivityManagerService.java:1642)
W/ActivityManager( 59): at com.android.server.am.ActivityManagerService. resumeTopActivityLocked(ActivityManagerService.java:2406)
W/ActivityManager( 59): at com.android.server.am.ActivityManagerService. handleAppDiedLocked(ActivityManagerService.java:3969)
W/ActivityManager( 59): at com.android.server.am.ActivityManagerService. appDiedLocked(ActivityManagerService.java:4020)
W/ActivityManager( 59): at com.android.server.am.ActivityManagerService. access$000(ActivityManagerService.java:110)
W/ActivityManager( 59): at com.android.server.am.ActivityManagerService$ AppDeathRecipient.binderDied(ActivityManagerService.java:814)
W/ActivityManager( 59): at android.os.BinderProxy.sendDeathNotice(Binder .java:345)
W/ActivityManager( 59): at dalvik.system.NativeStart.run(Native Method)
I/ActivityManager( 59): Start proc com.android.camera for activity com.android .camera/.ViewImage: pid=19744 uid=10021 gids={1006, 2001, 3003}
D/ActivityManager( 59): Received spurious death notification for thread androi d.os.BinderProxy@43213b40
I/ActivityManager( 59): Process com.google.process.gapps (pid 19686) has died.
W/ActivityManager( 59): Scheduling restart of crashed service com.google.andro id.apps.gtalkservice/com.google.android.gtalkservice.service.GTalkService in 500 0ms
D/ActivityManager( 59): Restarting because process died: HistoryRecord{434a8a3 0 {com.android.camera/com.android.camera.ViewImage}}
W/ActivityManager( 59): Exception when starting activity com.android.camera/.V iewImage
W/ActivityManager( 59): android.os.DeadObjectException
W/ActivityManager( 59): at android.os.BinderProxy.transact(Native Method )
W/ActivityManager( 59): at android.app.ApplicationThreadProxy.scheduleLa unchActivity(ApplicationThreadNative.java:428)
W/ActivityManager( 59): at com.android.server.am.ActivityManagerService. realStartActivityLocked(ActivityManagerService.java:1577)
W/ActivityManager( 59): at com.android.server.am.ActivityManagerService. startSpecificActivityLocked(ActivityManagerService.java:1642)
W/ActivityManager( 59): at com.android.server.am.ActivityManagerService. resumeTopActivityLocked(ActivityManagerService.java:2406)
W/ActivityManager( 59): at com.android.server.am.ActivityManagerService. handleAppDiedLocked(ActivityManagerService.java:3969)
W/ActivityManager( 59): at com.android.server.am.ActivityManagerService. appDiedLocked(ActivityManagerService.java:4020)
W/ActivityManager( 59): at com.android.server.am.ActivityManagerService. access$000(ActivityManagerService.java:110)
W/ActivityManager( 59): at com.android.server.am.ActivityManagerService$ AppDeathRecipient.binderDied(ActivityManagerService.java:814)
W/ActivityManager( 59): at android.os.BinderProxy.sendDeathNotice(Binder .java:345)
W/ActivityManager( 59): at dalvik.system.NativeStart.run(Native Method)
I/ActivityManager( 59): Start proc com.android.camera for activity com.android .camera/.ViewImage: pid=19747 uid=10021 gids={1006, 2001, 3003}
I/ActivityManager( 59): Process com.android.camera (pid 19666) has died.
I/ActivityManager( 59): Start proc com.android.camera for activity com.android .camera/.ViewImage: pid=19750 uid=10021 gids={1006, 2001, 3003}
W/ActivityManager( 59): No pending application record for pid 19744 (IApplicat ionThread android.app.ApplicationThreadProxy@433020b0); dropping process
I/Process ( 59): Sending signal. PID: 19744 SIG: 9
W/ActivityManager( 59): No pending application record for pid 19747 (IApplicat ionThread android.app.ApplicationThreadProxy@43358de8); dropping process
I/Process ( 59): Sending signal. PID: 19747 SIG: 9
V/ImageManager(19750): storage state is mounted
I/ActivityManager( 59): Start proc android.process.media for content provider com.android.providers.media/.MediaProvider: pid=19766 uid=10021 gids={1006, 2001 , 3003}
I/ActivityThread(19766): Publishing provider downloads: com.android.providers.do wnloads.DownloadProvider
I/ActivityThread(19766): Publishing provider drm: com.android.providers.drm.DrmP rovider
I/ActivityThread(19766): Publishing provider media: com.android.providers.media. MediaProvider
V/MediaProvider(19766): Attached volume: internal
V/MediaProvider(19766): /sdcard volume ID: 1714827571
V/MediaProvider(19766): Attached volume: external
D/dalvikvm(19750): GC freed 1857 objects / 121304 bytes in 119ms
D/dalvikvm(19750): GC freed 552 objects / 45840 bytes in 107ms
W/InputManagerService( 59): Got RemoteException sending setActive(false) notif ication to pid 19732 uid 10021
I/ActivityManager( 59): Displayed activity com.android.camera/.ViewImage: 1872 ms
D/dalvikvm(19750): GC freed 95 objects / 4304 bytes in 158ms
D/dalvikvm(19750): GC freed 150 objects / 7840 bytes in 116ms
I/ActivityManager( 59): Start proc com.google.process.gapps for service com.go ogle.android.apps.gtalkservice/com.google.android.gtalkservice.service.GTalkServ ice: pid=19776 uid=10001 gids={3003}
I/ActivityThread(19776): Publishing provider com.google.settings: com.google.and roid.providers.settings.GoogleSettingsProvider
I/ActivityThread(19776): Publishing provider gmail-ls: com.google.android.provid ers.gmail.MailProvider
I/ActivityManager( 59): Start proc android.process.acore for content provider com.android.providers.im/.ImProvider: pid=19783 uid=10006 gids={3003}
I/ActivityThread(19783): Publishing provider user_dictionary: com.android.provid ers.userdictionary.UserDictionaryProvider
I/ActivityThread(19783): Publishing provider im: com.android.providers.im.ImProv ider
I/ActivityThread(19783): Publishing provider com.android.googlesearch.Suggestion Provider: com.android.googlesearch.SuggestionProvider
I/ActivityThread(19783): Publishing provider contacts;call_log: com.android.prov iders.contacts.GoogleContactsProvider
I/ActivityThread(19783): Publishing provider com.android.launcher.settings: com. android.launcher.LauncherProvider
D/dalvikvm(19776): GC freed 4541 objects / 357488 bytes in 176ms
D/gmail-ls(19776): Purging old attachments
I/gmail-ls(19776): calculateUnknownSyncRationalesAndPurgeInBackground: queueing
I/gmail-ls(19776): calculateUnknownSyncRationalesAndPurgeInBackground: running